 the prime factors of d - 7 - (-1 + 1)?
2, 19
Let a(w) = 4*w - 33 + 22*w - 110 - 34. List the prime factors of a(20).
7
Let y(k) = 2*k + 18. Let c(u) = u - 1. Let l(j) = 3*c(j) - y(j). Let r be l(13). What are the prime factors of (-2)/r + (-1475)/(-20)?
2, 37
Suppose -3*f - 620 = -34*f. Suppose f*m + 1720 = 28*m. What are the prime factors of m?
5, 43
Let x(h) = -258 - 2*h**3 + 4*h**2 + h + 0*h + 674 + 127. List the prime factors of x(0).
3, 181
Suppose 13*c - 68 = -42. Suppose 3*d + 2254 = 4*w, 5*d + 519 + 601 = c*w. List the prime factors of w.
5, 113
What are the prime factors of -1*(-18818)/(-2)*((23 - 9) + -15)?
97
Suppose 2*g - 520 = -4*x, -2*x = -4*g + 2*x + 980. Let n = g + -143. List the prime factors of n.
107
Let l = -109 + 315. Suppose -l*o = -196*o - 4070. List the prime factors of o.
11, 37
Let s = -160 + 93. Let n = 72 + s. Suppose -c + n*c - 196 = 0. What are the prime factors of c?
7
Suppose 18*h + 51390 = 31*h + 8659. List the prime factors of h.
19, 173
Let t(g) = -5*g**2 + 33*g + 2. Let p be t(13). Let f = -253 - p. List the prime factors of f.
7, 23
Let d(l) = 2*l**2 - 13*l + 15. Let s be d(5). Suppose -24*q + 29*q - 5435 = s. List the prime factors of q.
1087
Suppose 24*a - 26*a = 14, 4*r - 165041 = 3*a. List the prime factors of r.
5, 37, 223
Suppose -26*l + 22*l + 364 = 0. Suppose 76*x - l*x = -3870. List the prime factors of x.
2, 3, 43
Let y(o) = o**3 - 19*o**2 - 210*o + 45. What are the prime factors of y(32)?
6637
Let o be (564/9)/((-10)/(-75)). Let w = o + -184. List the prime factors of w.
2, 11, 13
Let w be (-4)/3*-1*3. Let s(q) = 17*q**2 - 31*q - 2. Let m be s(2). Suppose 0 = n + m*f - 52, n - 28 = -0*n + w*f. List the prime factors of n.
2, 5
Let d(w) = -w**3 + 7*w**2 + 5*w + 21. Let l be d(7). Suppose 52 - l = -2*m. Suppose -m*o - x = -572, 2*x - 4*x - 291 = -o. What are the prime factors of o?
7, 41
Let s(h) be the first derivative of -5*h**2/2 + 26*h - 14. Let i be s(-5). Let a = 3 + i. List the prime factors of a.
2, 3
What are the prime factors of (-11 - (-450)/42)/(2/(-78953))?
11279
Let m = 2 - 1. Suppose 9*o = 5*o + 20. Suppose 2*g - m = g, -4*g = -o*p + 736. What are the prime factors of p?
2, 37
Let l be (-16)/(-120) + 84/45. Suppose -4*n + 3*u + 1817 = 0, 5*n - l*u + 4*u = 2277. What are the prime factors of n?
5, 7, 13
Let y = 70706 + -46370. What are the prime factors of y?
2, 3, 13
Let q = -2295 + 4534. List the prime factors of q.
2239
Suppose y + 4*y - f - 10235 = 0, 0 = 2*y - f - 4097. Suppose -289*r + y = -283*r. List the prime factors of r.
11, 31
Let m = -430 - -430. List the prime factors of (-1 + (-21)/(-7))*(12 + m).
2, 3
Suppose 0 = -4*x - 4*u + 55 - 3, 0 = 3*x - 3*u - 15. Let h be 33/(-1 - (-3)/(x/6)). Let n = -22 + h. List the prime factors of n.
11
Let s(k) = -3*k**2 + 303*k + 281. What are the prime factors of s(55)?
17, 463
Suppose -12*u = -43*u + 814897. List the prime factors of u.
97, 271
Let n(u) = -14*u**2 - 40*u + 19. Let p(b) = -15*b**2 - 36*b + 20. Let r(c) = -7*n(c) + 6*p(c). What are the prime factors of r(-13)?
3, 13
Suppose -4*n + 3*i + 240 = 0, -180*n - 4*i = -178*n - 142. List the prime factors of n.
3, 7
Suppose -4*o - 18 = -7*o + 5*q, 5*o = -2*q + 30. Suppose 0 = -3*p + o, s + 2*p - 1691 = -346. List the prime factors of s.
3, 149
Suppose 2*v = 2*n + 7864, 0 = 3*n - 7*n - v - 15728. Let h = -2600 - n. Suppose 2*u - h = -4*u. List the prime factors of u.
2, 3, 37
Suppose -19*d = -7*d - 142887 + 19599. What are the prime factors of d?
2, 11, 467
Let g = 80 + -85. Let m(y) = -3*y + 3. Let n be m(g). What are the prime factors of 9/n*(-98)/(-1)?
7
Suppose -b + m - 6 = -0*m, -22 = b + 3*m. Let p(z) = -14*z - 24. Let l be p(b). What are the prime factors of (-28)/21 - (l/(-6) + 2)?
2
List the prime factors of -6*(-1 + (-36088)/24).
2, 37, 61
Let x = 35 + 14. Let n = -44 + x. Suppose -n*d + 2*y + 2*y + 451 = 0, 2*y = 2. List the prime factors of d.
7, 13
Suppose 26*d = 27*d - 2. Let w be 3/d*(-664)/9*-3. Suppose -3*y - 43 - w = -4*v, v - 92 = -y. What are the prime factors of v?
3, 31
Suppose 4*q = -q. What are the prime factors of (-3 - (0 - q)) + 37?
2, 17
Let u(c) = 2*c + 40. Let l(a) = -a**2 + 13*a + 9. Let h be l(13). Let z be u(h). Suppose -z - 110 = -2*j. List the prime factors of j.
2, 3, 7
Let g(n) = 27*n**2 - 662*n + 26. What are the prime factors of g(30)?
2, 7, 11, 29
Suppose 19*o - 189175 = -o - 15*o. What are the prime factors of o?
5, 23, 47
List the prime factors of (9233 - -4)/1*(-77)/(-33).
7, 3079
Let z be 3*8/(-36)*6/(-1). Suppose -z*m = 1 - 9. Suppose -m*s + 3*x = -4*s + 37, -47 = -3*s + 4*x. List the prime factors of s.
17
List the prime factors of (-30 - (-308)/12)/((-6772)/(-6774) + -1).
13, 1129
Let q(f) = 1279 - 1252 - f - 47*f. What are the prime factors of q(-13)?
3, 7, 31
Suppose -3*u - 3*t + 47 = -t, 0 = -2*t + 8. Suppose -1625 = -u*h + 11674. What are the prime factors of h?
3, 11, 31
Suppose t + 38346 = 3*a - 22972, 102190 = 5*a - 3*t. What are the prime factors of a?
20441
Suppose -215 = -20*x - 75. Suppose 0*c - 1848 = -x*c. List the prime factors of c.
2, 3, 11
Let a(w) = -w**3 - 14*w**2 + 14*w - 9. Let s(k) = -k**2 - 5*k - 9. Let b be s(-6). Let q be a(b). Suppose 0 = q*j - 100 - 50. List the prime factors of j.
5
Suppose -2*t - 6 = 0, -9 = 2*b + 5*t - 2. Suppose -k + 5*g = -728, -b*k = -g - 4503 + 1629. What are the prime factors of k?
2, 359
Suppose 63*g - 59*g = -3*z + 40273, -4*g + 40272 = 4*z. What are the prime factors of g?
10069
Let j(m) = -m**2 - 5*m + 15. Let y be j(-6). Let v(s) = 13*s - 26*s + y*s + 90. List the prime factors of v(0).
2, 3, 5
Suppose 0 = 194*q - 15405220 - 2882578. What are the prime factors of q?
107, 881
Let l(j) = -65*j - 8. Suppose -3*t = -z + 18, -5*t - 5*z = -2*z + 16. What are the prime factors of l(t)?
317
List the prime factors of (3*4/(-48) - 655290/(-40)) + 3.
5, 29, 113
Let b(t) = t**3 - 4*t**2 - 2*t + 18. Let z be b(3). Suppose -315 - 451 = -2*m - 4*y, 0 = -2*m + z*y + 752. What are the prime factors of m?
379
Let h(u) = u**3 - 6*u**2 - 2*u + 14. Let p be h(6). Suppose -245 = -2*o - p*d + 63, 4*d - 8 = 0. List the prime factors of o.
2, 19
Let m = 29576 - 20291. List the prime factors of m.
3, 5, 619
Let k(y) = y**3 + 17*y**2 + 22*y - 3. Let x be k(-15). Let c = 117 - x. Let l(a) = -a**3 - a**2 + 124. List the prime factors of l(c).
2, 31
Suppose -o - 2 = -0*o - u, u + 4 = 3*o. Suppose -4*w + 2*a = -448, 15 - 3 = o*a. Suppose -6*x + 3*x = -w. List the prime factors of x.
2, 19
Let c(y) = -1026*y - 168. Let q be c(15). List the prime factors of q/(-18) + 14/3 + -4.
5, 173
Let s = -48364 + 93698. What are the prime factors of s?
2, 19, 1193
Let f(c) = 92*c**2 + 2*c - 4. Let p be f(1). Let r = p + 365. Let k = r - 251. List the prime factors of k.
2, 3, 17
Suppose -221*m = -76*m - 1193060. What are the prime factors of m?
2, 11, 17
Let h(s) = -s**2 - s + 1. Let x(j) = -j**2 + j + 33 + 4*j**2 - 35. Let l(c) = h(c) + x(c). List the prime factors of l(-4).
31
Let p = 149 + -196. Let g = 104 + p. What are the prime factors of g?
3, 19
Suppose -53*m + 55*m = 16. Suppose m*a = 3*a + 860. List the prime factors of a.
2, 43
Let i be (4/(-1))/(-7 - -5). Suppose -2*n + 1438 = 3*o - 2*o, 0 = -2*n + i*o + 1426. What are the prime factors of n?
3, 239
Let x(t) be the first derivative of -t**3/3 - 11*t**2/2 - 2*t - 9. Let f be x(-10). What are the prime factors of 49 + 4/f*-2?
2, 3
Let c = 1011 + -570. Suppose 408 + 1293 = 4*p - b, 0 = -p - 5*b + c. List the prime factors of p.
2, 3, 71
Suppose -3*q = 2*h + 2*q - 5593, 0 = 4*h + 3*q - 11151. What are the prime factors of h/36 - (-3)/(-9)?
7, 11
Suppose -3*y = -y - 2726. Let w = 713 - y. What are the prime factors of w/(-18) - 3/27?
2, 3
Let h(o) = 5*o - 3. Let r be h(1). Suppose j - r*j + 24 = 4*l, -4*l + 80 = 3*j. List the prime factors of (-2220)/(-21) + -3 + 8/j.
103
Suppose -f = 3*v + 6 - 1, 0 = f - 1. Let b be (-1 - (0 - 3)) + (-7 - -20 - 21). List the prime factors of 3472/24 + v/b.
5, 29
Let j be 6/(-27) - (6108/(-27) - 5). Suppose f = v - j, -4*v + 2*f = 4*f - 918. What are the prime factors of v?
2, 5, 23
Suppose -9*m = 21*m - 47220. What are the prime factors of (-3)/(-3) + 2 + m/1?
19, 83
Let y(j) = 20*j**2 + 12*j - 134. What are the prime factors